 are the prime factors of 885541506?
2, 3, 29, 109, 46691
What are the prime factors of 1194392357?
179, 37277
What are the prime factors of 693431334?
2, 3, 19, 675859
List the prime factors of 185938129.
13, 17, 841349
List the prime factors of 1203366508.
2, 89, 3380243
What are the prime factors of 772705768?
2, 179, 241, 2239
What are the prime factors of 1651279731?
3, 71, 293, 26459
What are the prime factors of 277243509?
3, 29, 31, 102797
What are the prime factors of 219081720?
2, 3, 5, 11, 13, 17, 751
What are the prime factors of 208853563?
29, 7201847
What are the prime factors of 27898514?
2, 7, 263, 7577
List the prime factors of 101942426.
2, 53, 83, 11587
List the prime factors of 49842452.
2, 11, 1132783
List the prime factors of 63721583.
63721583
List the prime factors of 796053679.
17, 1627, 1693
What are the prime factors of 3100976643?
3, 19, 109, 241
List the prime factors of 7673102926.
2, 3836551463
What are the prime factors of 23882782?
2, 7, 11, 155083
What are the prime factors of 3770655?
3, 5, 7, 35911
What are the prime factors of 190776813?
3, 41, 73, 21247
What are the prime factors of 1796897021?
1796897021
List the prime factors of 3074278.
2, 61, 113, 223
What are the prime factors of 18887531?
13, 23, 181, 349
What are the prime factors of 64357644?
2, 3, 13, 613, 673
What are the prime factors of 423019830?
2, 3, 5, 14100661
What are the prime factors of 765597445?
5, 153119489
What are the prime factors of 71583411?
3, 23861137
What are the prime factors of 113789297?
113789297
List the prime factors of 26554384.
2, 1659649
What are the prime factors of 759474270?
2, 3, 5, 19, 31, 14327
List the prime factors of 12846403.
12846403
List the prime factors of 659336907.
3, 53, 78241
What are the prime factors of 66522516?
2, 3, 89, 199, 313
What are the prime factors of 1608882651?
3, 1873, 95443
What are the prime factors of 33376898?
2, 16688449
What are the prime factors of 57090078?
2, 3, 3171671
What are the prime factors of 163202810?
2, 5, 16320281
List the prime factors of 1549662094.
2, 401, 1932247
List the prime factors of 350005228.
2, 59, 1483073
List the prime factors of 220528187.
11, 1822547
What are the prime factors of 19543934?
2, 9771967
List the prime factors of 95284534.
2, 47642267
What are the prime factors of 217056749?
7, 13, 2385239
List the prime factors of 33590638.
2, 16795319
What are the prime factors of 228960453?
3, 47, 1623833
List the prime factors of 422725451.
17, 3391, 7333
List the prime factors of 894399910.
2, 5, 31, 53, 54437
What are the prime factors of 143285368?
2, 17910671
List the prime factors of 1618615684.
2, 7, 71, 814193
List the prime factors of 85808094.
2, 3, 14301349
List the prime factors of 48348870.
2, 3, 5, 71, 22699
What are the prime factors of 359336442?
2, 3, 59889407
List the prime factors of 61071998.
2, 13, 1091, 2153
What are the prime factors of 85552725?
3, 5, 19, 60037
List the prime factors of 74204869.
37, 47, 71, 601
List the prime factors of 3126413819.
2393, 1306483
List the prime factors of 1716658112.
2, 13, 2063291
What are the prime factors of 236969779?
709, 334231
List the prime factors of 517114987.
509, 997, 1019
What are the prime factors of 136821937?
7, 3067, 6373
What are the prime factors of 102305765?
5, 29, 109, 6473
What are the prime factors of 61050042?
2, 3, 3391669
What are the prime factors of 247344079?
247344079
List the prime factors of 335532881.
335532881
What are the prime factors of 792266203?
167, 4744109
List the prime factors of 1325736431.
59, 22470109
What are the prime factors of 1921744?
2, 11, 61, 179
List the prime factors of 78091090.
2, 5, 7, 11, 37, 2741
List the prime factors of 1202311913.
11, 23, 4752221
What are the prime factors of 2458838829?
3, 67, 307, 39847
What are the prime factors of 986598725?
5, 7, 5637707
List the prime factors of 36890052.
2, 3, 3074171
What are the prime factors of 655017279?
3, 7, 601, 51899
List the prime factors of 73386390.
2, 3, 5, 7, 11, 31769
List the prime factors of 235843475.
5, 7, 197, 6841
What are the prime factors of 15851322?
2, 3, 293543
What are the prime factors of 34285500?
2, 3, 5, 19, 401
What are the prime factors of 3307367998?
2, 11, 150334909
List the prime factors of 1685784857.
43, 39204299
List the prime factors of 111563423.
2437, 45779
What are the prime factors of 6407006139?
3, 193, 647, 5701
What are the prime factors of 1298914146?
2, 3, 59, 1223083
What are the prime factors of 1371069305?
5, 274213861
List the prime factors of 229997899.
53, 419, 10357
List the prime factors of 669830868.
2, 3, 7, 2658059
What are the prime factors of 795243678?
2, 3, 2161, 61333
List the prime factors of 417030428.
2, 71, 431, 3407
List the prime factors of 164816376.
2, 3, 113, 60773
List the prime factors of 957926988.
2, 3, 26609083
List the prime factors of 26417324.
2, 6604331
What are the prime factors of 1464166921?
7, 31, 107, 63059
List the prime factors of 119198232.
2, 3, 1655531
List the prime factors of 650590447.
13, 50045419
List the prime factors of 39755084.
2, 479, 20749
List the prime factors of 378242303.
1087, 347969
What are the prime factors of 6173502535?
5, 9391, 131477
What are the prime factors of 83884030?
2, 5, 283, 29641
List the prime factors of 44969390.
2, 5, 19, 236681
List the prime factors of 345106442.
2, 172553221
List the prime factors of 507379710.
2, 3, 5, 241, 70177
What are the prime factors of 5274404167?
157, 193, 174067
What are the prime factors of 353162710?
2, 5, 137, 257783
List the prime factors of 1024030895.
5, 204806179
List the prime factors of 314509822.
2, 11, 14295901
What are the prime factors of 34719677?
34719677
What are the prime factors of 60538614?
2, 3, 53, 127, 1499
What are the prime factors of 126244937?
7, 13, 103, 13469
What are the prime factors of 37164627?
3, 19, 217337
What are the prime factors of 709753097?
709753097
List the prime factors of 203356321.
7, 4150129
What are the prime factors of 291941111?
7, 11, 47, 80669
What are the prime factors of 436242001?
13, 33557077
What are the prime factors of 850883661?
3, 7057, 13397
What are the prime factors of 1026712701?
3, 7, 16297027
List the prime factors of 66405198.
2, 3, 109, 101537
List the prime factors of 493093921.
41, 311, 38671
List the prime factors of 314275584.
2, 3, 7, 53, 1103
List the prime factors of 2329137602.
2, 11, 105869891
What are the prime factors of 3250426570?
2, 5, 31, 127, 82561
What are the prime factors of 1195182634?
2, 597591317
List the prime factors of 107543474.
2, 53771737
List the prime factors of 1040923913.
1040923913
What are the prime factors of 792031152?
2, 3, 11, 31, 53, 83
What are the prime factors of 49945545?
3, 5, 13, 149, 191
What are the prime factors of 629772786?
2, 3, 17, 686027
What are the prime factors of 1421486213?
7, 203069459
List the prime factors of 890721168.
2, 3, 18556691
What are the prime factors of 67563542?
2, 17, 733, 2711
List the prime factors of 27646702.
2, 13823351
List the prime factors of 7067756383.
7067756383
List the prime factors of 135119517.
3, 13, 101, 34303
What are the prime factors of 2787232572?
2, 3, 29, 889921
List the prime factors of 43199769.
3, 193, 74611
What are the prime factors of 2116925936?
2, 1823, 72577
What are the prime factors of 99040376?
2, 191, 64817
List the prime factors of 13071414.
2, 3, 271, 8039
List the prime factors of 74444961.
3, 59, 420593
What are the prime factors of 2234445737?
29, 77049853
What are the prime factors of 1344372962?
2, 4051, 165931
List the prime factors of 417058607.
7, 19, 165041
List the prime factors of 43157338.
2, 7, 23, 41, 467
List the prime factors of 2009928271.
13, 154609867
List the prime factors of 2093078865.
3, 5, 139538591
What are the prime factors of 446166468?
2, 3, 11, 41729
What are the prime factors of 86709266?
2, 7, 47, 131777
What are the prime factors of 1479621047?
7879, 187793
List the prime factors of 2232864072.
2, 3, 31012001
List the prime factors of 3551064312.
2, 3, 17, 8703589
What are the prime factors of 93723971?
11, 353, 24137
What are the prime factors of 124540691?
11, 17, 665993
What are the prime factors of 2545842863?
53, 103